t the prime factors of a.
2, 257
Let p = -47 + 50. Let a(g) = 111*g - 22. What are the prime factors of a(p)?
311
Let g(f) = 188*f**2 - 2442*f - 12237. List the prime factors of g(-5).
4673
Let j = 204 - 194. What are the prime factors of 824*(-3 - (-35)/j)?
2, 103
List the prime factors of 55/(-44)*12 + 1135.
2, 5, 7
List the prime factors of (-12 + 833/(-14))/((-9215)/3070 - -3).
11, 13, 307
Let z = 32083 + -19381. What are the prime factors of z?
2, 3, 29, 73
Suppose -5*p - 6*u = -2*u + 139, u - 107 = 4*p. Let a = p - -41. What are the prime factors of 6/a - (-96)/21?
5
Let h(l) = 2*l**2 - 7*l + 100. What are the prime factors of h(-46)?
2, 13, 179
Suppose 29*c - 48 = 26*c. Let k(i) = i**3 - 16*i**2 + 17*i - 47. Let v be k(c). What are the prime factors of v/10 - 4/(-8)?
23
Let c(t) = t**2 + 64*t + 2569. What are the prime factors of c(0)?
7, 367
Let u(v) = 4*v**2 + 6*v - 3. Let i be u(-3). Suppose -30 = -i*r + 9*r. List the prime factors of (-60)/3*(2 - (-2 + r)).
2, 5
Suppose 5774*d - 2282148 = 5720*d. List the prime factors of d.
2, 11, 17, 113
List the prime factors of -1 + -18 + 20 + 53626.
7, 47, 163
Let f(s) = s**2 + 17*s + 32. Let z be f(-15). Let m be (z/5)/(2/5). Let j(r) = 235*r**3 + r**2 - 4*r + 3. What are the prime factors of j(m)?
5, 47
Let c be 2/3 - 20/3. What are the prime factors of 9/(-27) - 0 - 170/c?
2, 7
Let x = 162 - -9477. What are the prime factors of x?
3, 7, 17
Suppose 113*i - 107*i - 16800 = 0. Let n = -1525 + i. List the prime factors of n.
3, 5, 17
Let d be 0/5 - 87 - -1. Let s(l) = 6*l**3 + 3*l**2 - l - 1. Let w be s(3). Let g = d + w. What are the prime factors of g?
3, 11
Suppose 142 = -3*f + 157. What are the prime factors of 9 + 278 - (f + -1)?
283
Let a(h) = h**2 + 4*h - 25. Let w be a(-8). Suppose -w*j + 3*j + 860 = 0. List the prime factors of j.
5, 43
Let y(m) = -m**3 - 8*m**2 + 5*m + 107. Let j be y(-13). What are the prime factors of j - (-4 + -52)/7?
5, 179
Let w(q) = -24*q + 149. Let o be w(6). Suppose j = -p + 916, -o*j = 4*p - 399 - 3260. What are the prime factors of p?
3, 307
Let m(g) = -g**3 - 36*g**2 - 4*g - 204. What are the prime factors of m(-40)?
2, 7, 227
Let g(o) be the third derivative of -o**5/30 + 5*o**4/8 + 4*o**3/3 + 24*o**2. Let v be g(9). Let z = 111 - v. What are the prime factors of z?
2, 5, 13
Suppose -2*y - 9*p = -8*p - 16974, 0 = -5*y + p + 42456. List the prime factors of y.
2, 3, 5, 283
Let x be (63/27)/((-2)/6). Let s(o) = -127*o + 215. List the prime factors of s(x).
2, 3, 23
Let o(f) = f**2 + 4*f + 5. Let t be o(-2). List the prime factors of (-1064)/(-4) + 0/(t + 3).
2, 7, 19
Let d = -1 + 1. Suppose g + g - 10 = d. Suppose 0 = -2*f - 3*t + 259, g*t = 2*t + 9. What are the prime factors of f?
5
Let w = -18670 + 49613. What are the prime factors of w?
11, 29, 97
Let p be (-5)/(-25) + 1134/30. Let s be (70/(-21))/((-2)/(-60)). Let r = p - s. What are the prime factors of r?
2, 3, 23
Let x = -1117 + 1407. List the prime factors of x.
2, 5, 29
Let m = -29058 + 59213. What are the prime factors of m?
5, 37, 163
Suppose 119 = -2*b - 19. Let q be (-25)/(-7) - b/161. Suppose 3*d - 301 = -q*d. What are the prime factors of d?
43
Let u = -225 - -223. What are the prime factors of 28/(-4)*((-3880)/35 + u)?
2, 5, 79
Suppose m + c = -22, -2*m - 4*c = -5*c + 41. Let l(r) = 3*r**2 + 26*r - 110. List the prime factors of l(m).
23, 29
Suppose -59*u = -197538 + 69744. List the prime factors of u.
2, 3, 19
Let v(h) = h**2 + 6*h + 2. Let d be 7/(28/8) - 40/5. Let r be v(d). What are the prime factors of r - (5260/(-24) - 2/(-12))?
13, 17
Let c = 2722 - 2794. Let u = -494 + 301. Let f = c - u. What are the prime factors of f?
11
Suppose -30*j + 18098 = -3682. Let z = -283 + j. List the prime factors of z.
443
Let z be (-8 - 78/(-6)) + (1 - 98). What are the prime factors of 3853/5 - z/230?
3, 257
Suppose 106*o + 2637635 = 171*o. List the prime factors of o.
7, 11, 17, 31
Let w(m) = -166*m + 909. What are the prime factors of w(-36)?
3, 5, 17
Let o = 101 + -154. Let z = o - -48. Let i = 20 + z. List the prime factors of i.
3, 5
Suppose -13*d = -7574 - 22651. Suppose -4*n - 642 = -5*q - 3742, 0 = -3*n - q + d. What are the prime factors of n?
5, 31
Suppose -5*u + 12692 = r, r + 3*r - 7605 = -3*u. Suppose -8*l + u + 2157 = 0. What are the prime factors of l?
587
Suppose 1756*x + 1235376 = 1940*x. List the prime factors of x.
2, 3, 373
What are the prime factors of 70139/5 + -45*1/25?
2, 7013
Suppose 0*y - 2 = 2*y. Let n be y + 11/2 + 6/12. Suppose n*i - m + 0*m = 243, -i + 60 = -4*m. List the prime factors of i.
2, 3
Let p(q) = 30*q + 8 + q + 57*q. Let r be p(6). Suppose -t = -5*t + r. List the prime factors of t.
2, 67
Let c = -4179 + 4543. List the prime factors of c.
2, 7, 13
Let u(m) = -20*m**2 - 1022*m - 13. What are the prime factors of u(-4)?
5, 751
Let p = -177 + 174. List the prime factors of (p - 2*2/(-4))*-11.
2, 11
Suppose 2*q + 272 = 3*q. Let k = q + 15. Suppose -2*m = -39 - k. What are the prime factors of m?
163
Let u = -14779 - -23706. What are the prime factors of u?
79, 113
Let v(a) = -588*a - 4125. List the prime factors of v(-34).
3, 41, 43
What are the prime factors of ((-25804)/1)/((-28)/14)?
2, 6451
Suppose -95*n - 30 = -101*n. Suppose 28*b + 4*w - 3097 = 23*b, -n*w = 4*b - 2483. What are the prime factors of b?
617
Suppose 0*d = d - 42. Let h = d + -37. Suppose 5*b - 412 = 4*z - 6*z, 0 = -h*b + z + 424. List the prime factors of b.
2, 3, 7
Let d(i) = -6687*i + 13736. List the prime factors of d(-4).
2, 29, 349
Let c(u) = -93*u**2 - 5*u + 2. Let o(x) = 91*x**2 + 5*x - 3. Let r(d) = -4*c(d) - 3*o(d). What are the prime factors of r(-2)?
3, 43
List the prime factors of (-3)/21 - 8386950/(-525).
3, 5, 71
Let x(z) = -2*z**3 + 9*z**2 + 4*z + 6. Let g be x(5). Suppose o - g - 1 = 0. Suppose o*f - 146 = 90. List the prime factors of f.
2, 59
What are the prime factors of (8 - 10782)*((-110)/140 - 2/(-7))?
5387
Let j = 1388 - 991. Suppose -v = -625 - j. List the prime factors of v.
2, 7, 73
Let m(g) = -21625*g + 381. What are the prime factors of m(-1)?
2, 11003
Let a = 74 - 72. Suppose 4*n - 112 - 15 = o, -3*o - 71 = -a*n. Suppose -2*y + n = -151. List the prime factors of y.
7, 13
Let p be 63/((-7)/(-1))*(-23)/(-3). Suppose -4*b = -5*b + p. What are the prime factors of b?
3, 23
Suppose 0 = -98*b + 88*b + 10. List the prime factors of 4*b + (7 - -146).
157
Suppose 5*u - u = -4*p + 12, -3*u = 2*p - 5. Let m be -3*(3 + -1 + p). Let k(t) = -3*t + 16. What are the prime factors of k(m)?
2, 5, 7
Suppose -4*a + 7*a + 5 = -z, 0 = a. List the prime factors of (-4)/8*(-18950)/((-25)/z).
5, 379
Let h(l) = 2028*l + 2753. What are the prime factors of h(6)?
43, 347
Let o be -44*(-14)/(-21)*-15. Suppose o + 613 = 9*w. What are the prime factors of w?
3, 13
Let a(h) = 68*h**2 + 9*h. Let w be a(-4). Let d = w - 338. List the prime factors of d.
2, 3, 7, 17
Suppose 2*u - 188 = -32. Let s = -126 - u. List the prime factors of 1/((4 + -8)/s).
3, 17
Let f be (81/(-6))/((-1)/6). Let v be 2/9 + 7191/f. Suppose -3*j = -4*j + v. List the prime factors of j.
89
Suppose 3*v - 18 = t - 13, 40 = 2*t + 4*v. List the prime factors of (12*t)/((-39)/(-338)).
2, 5, 13
Let q(f) = -36*f**3 + 4*f**2 - 21*f + 9. What are the prime factors of q(-7)?
2, 5, 127
Suppose -131*n - 75*n = -102*n - 2511288. What are the prime factors of n?
3, 2683
What are the prime factors of -13774*(3/(-2) - (-59 - -58))?
71, 97
List the prime factors of (409/2)/((-48)/(-1440)).
3, 5, 409
Let s be 23 - (2 + 5)*3/7. Let x(p) = 25 - 11 + p**2 - s + 6*p. List the prime factors of x(-18).
2, 3, 5, 7
Let c be (-1)/((-2)/16*1). Suppose -141*y = -139*y - c. Suppose 0*l + 5*l - 9 = 2*f, 5*l - 27 = -y*f. What are the prime factors of l?
3
Let m be 1*(-3 - (0 - 5)). Suppose 0 = -5*i + m*z + 23, -5*i - 2*z = -3*i - 12. Suppose 254 = i*x + 2*g + g, -5*x = 2*g - 256. What are the prime factors of x?
2, 13
Suppose -m - m - 4 = 0, 0 = 5*n - 3*m - 1. List the prime factors of (-824)/n - (-7 + 8)*-1.
3, 5, 11
Suppose -4*n + 4 = -16. Suppose -2*r - 3*z = -23, 0 = -2*r - z - 5 + 18. Suppose 0 = -n*p + 2*x + 331, 2*p - 128 = r*x - x. What are the prime factors of p?
67
Let w(j) = 38*j**2 - 1. Let r = 40 - 39. What are the prime factors of w(r)?
37
